d 228.
114
Calculate the highest common factor of 928 and 16.
16
Calculate the greatest common factor of 455 and 140.
35
Calculate the highest common divisor of 220 and 260.
20
What is the highest common divisor of 665 and 2128?
133
Calculate the highest common factor of 2485 and 35.
35
What is the greatest common factor of 783 and 675?
27
What is the greatest common factor of 177 and 21?
3
What is the highest common divisor of 845 and 2795?
65
Calculate the highest common divisor of 72 and 352.
8
Calculate the highest common divisor of 816 and 8058.
102
What is the greatest common divisor of 25 and 15?
5
What is the highest common divisor of 114 and 152?
38
Calculate the highest common divisor of 32 and 72.
8
What is the greatest common divisor of 3420 and 40?
20
What is the greatest common factor of 113 and 565?
113
What is the highest common divisor of 8 and 22752?
8
What is the greatest common divisor of 750 and 30?
30
What is the highest common factor of 26 and 221?
13
Calculate the greatest common factor of 68 and 374.
34
Calculate the highest common divisor of 135 and 20.
5
What is the greatest common factor of 4209 and 549?
183
What is the greatest common divisor of 7 and 1841?
7
Calculate the highest common divisor of 1465 and 5.
5
What is the greatest common factor of 416 and 80?
16
Calculate the greatest common divisor of 2961 and 188.
47
What is the greatest common factor of 4 and 68?
4
Calculate the greatest common factor of 2512 and 368.
16
What is the greatest common factor of 2142 and 462?
42
What is the greatest common divisor of 224 and 7?
7
Calculate the greatest common divisor of 104 and 442.
26
Calculate the greatest common divisor of 245 and 105.
35
What is the highest common divisor of 136 and 697?
17
What is the greatest common factor of 476 and 28?
28
Calculate the highest common factor of 188 and 20.
4
Calculate the highest common divisor of 266 and 95.
19
What is the highest common divisor of 6045 and 65?
65
Calculate the greatest common factor of 377 and 29.
29
Calculate the greatest common divisor of 60 and 132.
12
Calculate the highest common factor of 365 and 2.
1
What is the greatest common factor of 890 and 10?
10
Calculate the highest common divisor of 976 and 48.
16
What is the greatest common divisor of 928 and 290?
58
Calculate the highest common factor of 12 and 12.
12
Calculate the greatest common factor of 43 and 14233.
43
What is the highest common divisor of 230 and 140?
10
Calculate the highest common divisor of 273 and 1560.
39
Calculate the highest common divisor of 15 and 465.
15
Calculate the greatest common divisor of 30193 and 327.
109
Calculate the highest common factor of 132 and 2244.
132
Calculate the highest common divisor of 8 and 40.
8
What is the greatest common factor of 772 and 5211?
193
What is the highest common divisor of 336 and 105?
21
What is the highest common factor of 5605 and 236?
59
Calculate the highest common divisor of 42 and 1491.
21
Calculate the greatest common divisor of 128 and 448.
64
What is the highest common factor of 90 and 1881?
9
Calculate the highest common factor of 4 and 68.
4
Calculate the greatest common divisor of 59 and 10797.
59
Calculate the greatest common factor of 3 and 1713.
3
What is the greatest common factor of 1650 and 66?
66
What is the greatest common divisor of 253 and 22?
11
What is the greatest common factor of 2490 and 6?
6
What is the highest common divisor of 2249 and 692?
173
Calculate the highest common factor of 5112 and 60.
12
What is the highest common divisor of 7809 and 274?
137
What is the greatest common factor of 1788 and 36?
12
What is the greatest common divisor of 23 and 3013?
23
What is the greatest common divisor of 198 and 18?
18
Calculate the highest common divisor of 45 and 99.
9
What is the greatest common factor of 100 and 4?
4
Calculate the highest common factor of 828 and 360.
36
Calculate the highest common divisor of 755 and 40.
5
Calculate the greatest common factor of 255 and 45.
15
Calculate the highest common divisor of 1575 and 75.
75
Calculate the highest common divisor of 348 and 900.
12
Calculate the highest common divisor of 110 and 275.
55
Calculate the highest common factor of 324 and 19764.
324
What is the highest common factor of 34 and 17?
17
Calculate the greatest common divisor of 19 and 1843.
19
Calculate the highest common divisor of 136 and 918.
34
Calculate the greatest common divisor of 1397 and 635.
127
Calculate the greatest common factor of 12463 and 242.
121
Calculate the highest common factor of 143 and 55.
11
What is the highest common divisor of 77 and 671?
11
What is the greatest common divisor of 34 and 442?
34
Calculate the greatest common factor of 23970 and 90.
30
Calculate the highest common factor of 2848 and 32.
32
Calculate the greatest common divisor of 1169 and 287.
7
Calculate the highest common factor of 2323 and 23.
23
What is the greatest common factor of 405 and 189?
27
What is the highest common divisor of 153 and 621?
9
What is the highest common divisor of 207 and 36?
9
What is the highest common factor of 1169 and 7?
7
Calculate the highest common divisor of 4059 and 495.
99
Calculate the highest common divisor of 24 and 384.
24
Calculate the highest common divisor of 20083 and 7.
7
What is the highest common factor of 494 and 38?
38
What is the highest common divisor of 5694 and 78?
78
What is the greatest common factor of 6985 and 22?
11
What is the greatest common divisor of 58 and 4?
2
What is the highest common divisor of 637 and 7?
7
What is the highest common factor of 320 and 4320?
160
What is the highest common factor of 624 and 48?
48
What is the highest common factor of 260 and 195?
65
Calculate the greatest common divisor of 195 and 10290.
15
Calculate the highest common divisor of 300 and 160.
20
What is the highest common factor of 144 and 135?
9
Calculate the greatest common factor of 38 and 323.
19
Calculate the greatest common divisor of 27 and 225.
9
Calculate the highest common factor of 650 and 21775.
325
Calculate the highest common divisor of 424 and 16.
8
Calculate the highest common factor of 28 and 22554.
14
What is the greatest common divisor of 208 and 3?
1
Calculate the highest common divisor of 1323 and 756.
189
What is the highest common divisor of 627 and 323?
19
What is the greatest common factor of 380 and 74480?
380
Calculate the highest common factor of 2542 and 164.
82
What is the highest common factor of 78 and 962?
26
What is the highest common factor of 9 and 66?
3
What is the highest common divisor of 28 and 12?
4
Calculate the highest common divisor of 306 and 144.
18
Calculate the greatest common factor of 152 and 171.
19
Calculate the highest common divisor of 80 and 18640.
80
Calculate the highest common divisor of 40 and 60.
20
What is the greatest common factor of 1513 and 1157?
89
Calculate the highest common divisor of 3014 and 4.
2
Calculate the greatest common divisor of 275 and 33.
11
Calculate the highest common divisor of 21 and 14.
7
What is the highest common divisor of 88 and 24?
8
What is the greatest common divisor of 4551 and 111?
111
Calculate the greatest common factor of 144 and 2124.
36
What is the highest common factor of 1 and 64?
1
What is the greatest common divisor of 16 and 208?
16
Calculate the highest common divisor of 4527 and 45.
9
Calculate the greatest common divisor of 3686 and 7178.
194
Calculate the greatest common factor of 6941 and 11.
11
Calculate the highest common factor of 186 and 12.
6
What is the greatest common divisor of 3280 and 140?
20
What is the greatest common divisor of 105 and 29085?
105
Calculate the greatest common factor of 116 and 1363.
29
What is the greatest common factor of 9359 and 3056?
191
Calculate the greatest common factor of 66 and 15.
3
Calculate the highest common factor of 289 and 1037.
17
Calculate the highest common divisor of 330 and 90.
30
What is the greatest common factor of 1528 and 24?
8
What is the highest common divisor of 2080 and 4320?
160
Calculate the highest common divisor of 32 and 8.
8
What is the highest common factor of 340 and 6715?
85
What is the highest common factor of 153 and 9?
9
What is the highest common divisor of 9 and 21